{"id":6,"date":"2022-01-20T21:58:00","date_gmt":"2022-01-21T03:58:00","guid":{"rendered":"https:\/\/lienzo.ufm.edu\/recorrido-virtual\/?page_id=6"},"modified":"2022-03-21T09:39:05","modified_gmt":"2022-03-21T15:39:05","slug":"prueba","status":"publish","type":"page","link":"https:\/\/lienzo.ufm.edu\/recorrido-virtual\/","title":{"rendered":"Portada"},"content":{"rendered":"","protected":false},"excerpt":{"rendered":"","protected":false},"author":1,"featured_media":0,"parent":0,"menu_order":0,"comment_status":"closed","ping_status":"closed","template":"","meta":{"footnotes":""},"class_list":["post-6","page","type-page","status-publish","hentry"],"yoast_head":"<!-- This site is optimized with the Yoast SEO plugin v27.6 - https:\/\/yoast.com\/product\/yoast-seo-wordpress\/ -->\n<title>Portada - Lienzo de Quauhquechollan<\/title>\n<meta name=\"robots\" content=\"index, follow, max-snippet:-1, max-image-preview:large, max-video-preview:-1\" \/>\n<link rel=\"canonical\" href=\"https:\/\/lienzo.ufm.edu\/recorrido-virtual\/\" \/>\n<meta property=\"og:locale\" content=\"es_ES\" \/>\n<meta property=\"og:type\" content=\"article\" \/>\n<meta property=\"og:title\" content=\"Portada - Lienzo de Quauhquechollan\" \/>\n<meta property=\"og:url\" content=\"https:\/\/lienzo.ufm.edu\/recorrido-virtual\/\" \/>\n<meta property=\"og:site_name\" content=\"Lienzo de Quauhquechollan\" \/>\n<meta property=\"article:modified_time\" content=\"2022-03-21T15:39:05+00:00\" \/>\n<meta property=\"og:image\" content=\"https:\/\/lienzo.ufm.edu\/recorrido-virtual\/wp-content\/uploads\/2022\/03\/lienzo_nuevo-scaled.jpg\" \/>\n\t<meta property=\"og:image:width\" content=\"2560\" \/>\n\t<meta property=\"og:image:height\" content=\"1969\" \/>\n\t<meta property=\"og:image:type\" content=\"image\/jpeg\" \/>\n<meta name=\"twitter:card\" content=\"summary_large_image\" \/>\n<script type=\"application\/ld+json\" class=\"yoast-schema-graph\">{\"@context\":\"https:\\\/\\\/schema.org\",\"@graph\":[{\"@type\":\"WebPage\",\"@id\":\"https:\\\/\\\/lienzo.ufm.edu\\\/recorrido-virtual\\\/\",\"url\":\"https:\\\/\\\/lienzo.ufm.edu\\\/recorrido-virtual\\\/\",\"name\":\"Portada - Lienzo de Quauhquechollan\",\"isPartOf\":{\"@id\":\"https:\\\/\\\/lienzo.ufm.edu\\\/recorrido-virtual\\\/#website\"},\"datePublished\":\"2022-01-21T03:58:00+00:00\",\"dateModified\":\"2022-03-21T15:39:05+00:00\",\"inLanguage\":\"es\",\"potentialAction\":[{\"@type\":\"ReadAction\",\"target\":[\"https:\\\/\\\/lienzo.ufm.edu\\\/recorrido-virtual\\\/\"]}]},{\"@type\":\"WebSite\",\"@id\":\"https:\\\/\\\/lienzo.ufm.edu\\\/recorrido-virtual\\\/#website\",\"url\":\"https:\\\/\\\/lienzo.ufm.edu\\\/recorrido-virtual\\\/\",\"name\":\"Lienzo de Quauhquechollan\",\"description\":\"Pintura n\u00e1huatl del siglo XVI, en la que los ind\u00edgenas quauhquecholtecas dejaron plasmada su visi\u00f3n de la conquista espa\u00f1ola.\",\"potentialAction\":[{\"@type\":\"SearchAction\",\"target\":{\"@type\":\"EntryPoint\",\"urlTemplate\":\"https:\\\/\\\/lienzo.ufm.edu\\\/recorrido-virtual\\\/?s={search_term_string}\"},\"query-input\":{\"@type\":\"PropertyValueSpecification\",\"valueRequired\":true,\"valueName\":\"search_term_string\"}}],\"inLanguage\":\"es\"}]}<\/script>\n<!-- \/ Yoast SEO plugin. -->","yoast_head_json":{"title":"Portada - Lienzo de Quauhquechollan","robots":{"index":"index","follow":"follow","max-snippet":"max-snippet:-1","max-image-preview":"max-image-preview:large","max-video-preview":"max-video-preview:-1"},"canonical":"https:\/\/lienzo.ufm.edu\/recorrido-virtual\/","og_locale":"es_ES","og_type":"article","og_title":"Portada - Lienzo de Quauhquechollan","og_url":"https:\/\/lienzo.ufm.edu\/recorrido-virtual\/","og_site_name":"Lienzo de Quauhquechollan","article_modified_time":"2022-03-21T15:39:05+00:00","og_image":[{"width":2560,"height":1969,"url":"https:\/\/lienzo.ufm.edu\/recorrido-virtual\/wp-content\/uploads\/2022\/03\/lienzo_nuevo-scaled.jpg","type":"image\/jpeg"}],"twitter_card":"summary_large_image","schema":{"@context":"https:\/\/schema.org","@graph":[{"@type":"WebPage","@id":"https:\/\/lienzo.ufm.edu\/recorrido-virtual\/","url":"https:\/\/lienzo.ufm.edu\/recorrido-virtual\/","name":"Portada - Lienzo de Quauhquechollan","isPartOf":{"@id":"https:\/\/lienzo.ufm.edu\/recorrido-virtual\/#website"},"datePublished":"2022-01-21T03:58:00+00:00","dateModified":"2022-03-21T15:39:05+00:00","inLanguage":"es","potentialAction":[{"@type":"ReadAction","target":["https:\/\/lienzo.ufm.edu\/recorrido-virtual\/"]}]},{"@type":"WebSite","@id":"https:\/\/lienzo.ufm.edu\/recorrido-virtual\/#website","url":"https:\/\/lienzo.ufm.edu\/recorrido-virtual\/","name":"Lienzo de Quauhquechollan","description":"Pintura n\u00e1huatl del siglo XVI, en la que los ind\u00edgenas quauhquecholtecas dejaron plasmada su visi\u00f3n de la conquista espa\u00f1ola.","potentialAction":[{"@type":"SearchAction","target":{"@type":"EntryPoint","urlTemplate":"https:\/\/lienzo.ufm.edu\/recorrido-virtual\/?s={search_term_string}"},"query-input":{"@type":"PropertyValueSpecification","valueRequired":true,"valueName":"search_term_string"}}],"inLanguage":"es"}]}},"meta_box":[],"_links":{"self":[{"href":"https:\/\/lienzo.ufm.edu\/recorrido-virtual\/wp-json\/wp\/v2\/pages\/6","targetHints":{"allow":["GET"]}}],"collection":[{"href":"https:\/\/lienzo.ufm.edu\/recorrido-virtual\/wp-json\/wp\/v2\/pages"}],"about":[{"href":"https:\/\/lienzo.ufm.edu\/recorrido-virtual\/wp-json\/wp\/v2\/types\/page"}],"author":[{"embeddable":true,"href":"https:\/\/lienzo.ufm.edu\/recorrido-virtual\/wp-json\/wp\/v2\/users\/1"}],"replies":[{"embeddable":true,"href":"https:\/\/lienzo.ufm.edu\/recorrido-virtual\/wp-json\/wp\/v2\/comments?post=6"}],"version-history":[{"count":2,"href":"https:\/\/lienzo.ufm.edu\/recorrido-virtual\/wp-json\/wp\/v2\/pages\/6\/revisions"}],"predecessor-version":[{"id":450,"href":"https:\/\/lienzo.ufm.edu\/recorrido-virtual\/wp-json\/wp\/v2\/pages\/6\/revisions\/450"}],"wp:attachment":[{"href":"https:\/\/lienzo.ufm.edu\/recorrido-virtual\/wp-json\/wp\/v2\/media?parent=6"}],"curies":[{"name":"wp","href":"https:\/\/api.w.org\/{rel}","templated":true}]}}